.
29
Suppose 3*a + 3*s = 96, 0*a + 88 = 3*a + s. What are the prime factors of a?
2, 7
Suppose 0 = 3*g - 3*w - 339, 5*g + w = g + 427. What are the prime factors of g?
2, 3
Let j = -183 + 260. What are the prime factors of j?
7, 11
Let h = -30 - -114. List the prime factors of h.
2, 3, 7
Suppose -z + 1 - 4 = 0. Let a = 5 + z. What are the prime factors of a?
2
Let z = -13 + 252. List the prime factors of z.
239
Let a = -2 - -7. Let q(g) = -9*g + 15*g**2 - 4*g**2 - g**3 - a*g + 15 + 3*g. List the prime factors of q(10).
5
List the prime factors of (279/(-12))/((-6)/16).
2, 31
List the prime factors of -201*(-3 + -1 + 3).
3, 67
What are the prime factors of (-3)/9*-9 + 16?
19
Suppose 0 = 4*x + x + 85. Let i = 32 + x. List the prime factors of i.
3, 5
Suppose -y + 658 = 3*r, 12 = 4*y - 4. What are the prime factors of r?
2, 109
Suppose 11*c = 2*c + 315. What are the prime factors of c?
5, 7
Suppose 0 = -0*c - 2*c + 4. What are the prime factors of c?
2
What are the prime factors of (-850)/(-16) + 5/(-40)?
53
Suppose -3*h + 2*q - 4*q = -139, 5*h + 3*q = 232. List the prime factors of h.
47
Suppose -3*w - 3*c + 297 = 0, w = 3*w + 5*c - 201. List the prime factors of w.
2, 7
Let c(j) = j + 6. Let z = 7 - 9. What are the prime factors of c(z)?
2
Let a(c) = -6*c + 2. Let l be a(-2). Suppose -4*w - 46 = -l. What are the prime factors of 3/(-4) - 22/w?
2
Let p(f) = 3*f + 9. List the prime factors of p(5).
2, 3
Let m(c) = -c**3 - 9*c**2 - 11*c + 7. Let f(a) = -a**3 - 5*a**2 + 7*a - 2. Let w be f(-6). What are the prime factors of m(w)?
31
Let z(p) = -p**3 - 7*p**2 - 8*p + 5. Let a(y) = -y - 11. Let j be a(-5). List the prime factors of z(j).
17
Let t(y) = 4*y - 3 + y + 0*y - y**2. Let v be t(2). Suppose v*p - 4*p + 5 = 0. What are the prime factors of p?
5
Suppose -2*j + 3*w + 10 + 1 = 0, -5*j - 4*w = 7. Suppose -4*r + j = -7. Suppose -g - 5*q = 18, -2*q + 0*q - 12 = -r*g. List the prime factors of g.
2
What are the prime factors of 2/(-3)*(-1)/((-5)/(-270))?
2, 3
Let a = 114 - 51. Let p = a - 44. What are the prime factors of p?
19
Suppose -5*k = -3*k + 4. Let o be ((-2)/(-4))/(6/(-12)). List the prime factors of o/(k/(26/1)).
13
Let g = 63 - -206. List the prime factors of g.
269
Let h be ((-18)/8)/1*-4. Let y be (-47)/h - (-2)/9. Let t(b) = -b**3 - 5*b**2 - 5*b - 7. What are the prime factors of t(y)?
2, 3
Suppose -123 = -2*b - 3*b + 3*m, -b = 5*m - 19. Suppose -12 = -4*y - w, 7*y - 2*w = 3*y + b. What are the prime factors of y/8 + (-81)/(-6)?
2, 7
Let f be ((-6)/7)/(3/21). Let l(i) = i**3 + 7*i**2 + 4*i - 1. List the prime factors of l(f).
11
Let q(j) = -j**3 - 2*j**2 + 6*j + 2. Suppose 8 = 2*n - 8. Suppose n = -3*u + u. List the prime factors of q(u).
2, 5
Let l = -103 + 165. What are the prime factors of (-10)/30 + l/6?
2, 5
Suppose -2*x + q + 31 + 50 = 0, q - 129 = -3*x. List the prime factors of x.
2, 3, 7
What are the prime factors of -174*(1 + (-15)/10)?
3, 29
Let n(j) = -j**2 - 1. Let v(o) = -o**3 - 8*o**2 + 7*o + 3. Let y(w) = -4*n(w) + v(w). Let a be y(-5). Let q = a + 5. List the prime factors of q.
2
Suppose -j - 9 = -3*d, 3*j = 3*d + d - 7. Suppose -2*b - 13 = -j*b. Suppose 5 = 3*h - b. What are the prime factors of h?
2, 3
Let o be 2/6 - 1/3. Suppose o = 3*g - 3 - 24. List the prime factors of g.
3
Let g(l) = -l**2 + 7*l - 3. Let d be g(6). Suppose t - 11 = -d*y, 2*y + 4*t = -4 - 2. List the prime factors of y.
5
Suppose 2*b - 4*p = 10, -3*b + 15 = -3*p - 0*p. Suppose -b*i + 41 = -c, -4*i + 5*c + 20 + 17 = 0. List the prime factors of i.
2
Let n(c) = 7*c**2 + 2*c + 1. Let v be n(-1). Suppose s = 3*s - v. Suppose -3*w = s*k - 5*k + 21, 0 = -2*k - 5*w + 13. List the prime factors of k.
3
Suppose 0 = -2*c + 12 + 4. Let f(z) = -z + 9. Let j be f(c). List the prime factors of 0 + (j - 3) + 7.
5
Let b = -11 + 5. Let w(k) be the second derivative of -k**3/6 + k**2/2 - 9*k. List the prime factors of w(b).
7
Suppose -k - 2*y - 2*y = -61, -5*y - 174 = -2*k. List the prime factors of k.
7, 11
Let a = -23 + 42. List the prime factors of a.
19
Suppose -12*s + 5*s = -1183. List the prime factors of s.
13
Let l(a) = 2*a**3 - a**2 + 2*a + 1. Let f be l(2). Let y = -10 + f. What are the prime factors of y?
7
Let c(j) = j**3 + 6*j**2 - 5*j + 7. Let q be c(-7). Let n(f) = f**3 + 7*f**2 + f + 9. What are the prime factors of n(q)?
2
Suppose -38 = -b - 4*h, 2*b - 25 = -5*h + 51. Suppose -14 = 2*g - b. List the prime factors of g.
2, 3
Suppose -4*i + 3*s = -20, 0 = -3*i + 4*s - 0*s + 22. Suppose -i - 6 = -c. What are the prime factors of c?
2
Let t(p) = p + 3 - p**3 + 1 - 3 + 0. Let b = 0 + -2. List the prime factors of t(b).
7
Suppose -2*v + 4*j = 2*v, v = 4*j - 6. Suppose 3*b - 2*m = v, 8 = -b + 3*b + 2*m. What are the prime factors of b?
2
Let s = 10 - 7. Let z be (-2 - (0 - s)) + 3. Suppose -65 = -z*x - x. What are the prime factors of x?
13
Suppose 0 = 2*c - 4*y - 22, -2*c = -3*c + y + 8. What are the prime factors of c?
5
Let y(x) = -11*x + 7. What are the prime factors of y(-4)?
3, 17
Let u = 4 - -23. Suppose -u = r - 7. Let t = -12 - r. What are the prime factors of t?
2
Suppose -4*q = -3*q - 20. List the prime factors of q.
2, 5
Suppose 0 = 2*k - 6 + 2. Let o(p) = p**2 - 4*p - 8. Let g be o(7). Suppose -r + 5 = 2*d, -3*d = 2*d + k*r - g. What are the prime factors of d?
3
Suppose -u = -2, 2*j - 4*u - 322 = -j. What are the prime factors of j?
2, 5, 11
Let r(o) = -5*o - 10. Let u = 15 + -22. What are the prime factors of r(u)?
5
Suppose 4*b - 97 + 243 = -2*s, 3*s = -2*b - 199. Let c = -44 - s. List the prime factors of c.
19
Suppose 4*j - s = 17, -2*s + 5 = 3*j - 16. Suppose -j*f = -f - 80. What are the prime factors of f?
2, 5
Suppose 0 = -v - 3*v + 40. Suppose -100 - v = -m. Suppose -2*h - 3*h = -m. What are the prime factors of h?
2, 11
Let q = 8 + -7. What are the prime factors of 33/4 - q/4?
2
Let j = -10 + 28. Suppose 0*t = -t + j. What are the prime factors of t?
2, 3
Suppose -4*h + 588 = -3*w + 132, -5*w = -3*h + 331. Suppose h = 4*c + 25. What are the prime factors of c?
23
Let k = -10 - -4. Let r(q) = -q + 1. Let b(p) = -p + 1. Let h(j) = -4*b(j) + 5*r(j). List the prime factors of h(k).
7
Let g(j) = -j**3 - 2*j**2 + j + 2. Suppose 0 = -4*a + b - 12, b + 2 = -0*a - 3*a. Let t be g(a). What are the prime factors of (-2)/(t - 3/18)?
2, 3
Let a = -6 - -10. Suppose -4*n = a, 5*n = 6*h - h - 60. What are the prime factors of h?
11
Suppose -5*k = 2*w - 0*w - 49, w = 2*k + 2. Suppose 0*x = -2*x + w. List the prime factors of x.
2, 3
Let z be (-4)/9*9/(-2). Suppose -30 = -z*g - g. List the prime factors of g.
2, 5
Suppose m = -m + 6. Suppose v + 4*r = r + 6, -2*v + 3 = -m*r. Suppose -s = -2*g - 16, 0*s - v*s - 4*g + 28 = 0. What are the prime factors of s?
2, 3
Let o be -16*(-3 - (-10)/4). Let y = 13 - o. List the prime factors of y.
5
Let p be (-2)/(-1)*(-1 - -77). List the prime factors of 8/(-20) + p/5.
2, 3, 5
Let w(l) = 0*l + 2*l + 4 - 6 + 3. List the prime factors of w(4).
3
Let b be (-4)/(-42)*9*7. Suppose -215 = -b*t + t. What are the prime factors of t?
43
Let w(p) = -p**3 + 9*p**2 + 14*p - 16. List the prime factors of w(10).
2, 3
Suppose -8*v = -3*v - 70. Let n = -9 + v. Suppose 33 = n*y - 32. List the prime factors of y.
13
Suppose 0 = 5*q + 3*f - 92, 5*q - 72 = 3*f - f. Suppose -q = 2*l + 196. List the prime factors of (-1)/4 - l/8.
13
Let o(p) = p**2 + 3*p - 7. What are the prime factors of o(-5)?
3
Let p be -1 + 1 - 3 - -54. Suppose -3*r + 5*v = -r - p, 4*v = r - 24. List the prime factors of r.
2, 7
Let d = 44 + -14. What are the prime factors of d?
2, 3, 5
Let s(q) = -393*q + 1. List the prime factors of s(-1).
2, 197
Suppose -3*q - 5*j + 362 = 0, 20 = -3*j - j. List the prime factors of q.
3, 43
Let n be ((-3)/4)/((-1)/4). Suppose -n*f + 5 = -4. Let p = f - -3. What are the prime factors of p?
2, 3
Let k(z) = z**3 + 5*z**2 + 5*z. Let j be k(-4). List the prime factors of 4/(-6)*66/j.
11
Suppose 0 = 3*a - 2 - 28. What are the prime factors of a?
2, 5
What are the prime factors of (-25)/75 + ((-338)/(-6))/1?
2, 7
Let q = -8 + 11. Let z(c) = 2*c. Let s be z(q). Suppose -4*d - s = -5*d. What are the prime factors of d?
2, 3
Suppose 4*d - 9*d + 115 = 0. List the prime factors of d.
23
Suppose 2*k - 18 - 10 = 5*i, 3*i - 28 = -2*k. 